ded by 229?
31
Suppose -5*s + t - 2*t = -66, 34 = 3*s - 5*t. Suppose v = s*v - 132. Calculate the remainder when 54 is divided by v.
10
Suppose 5*h - 2*u = 209, -64*h - 103 = -67*h - 2*u. Calculate the remainder when (7/3)/(1/57) is divided by h.
16
Let x(n) = n**2 + 9*n + 26. Let d be x(-5). Suppose 0 = -0*s - d*s + 582. Let k(f) = 19*f**3 + 1. What is the remainder when s is divided by k(1)?
17
Suppose -10 - 5 = -5*w. Suppose 23*z - 22 = 24. Suppose -2*h + 22*v + 18 = 25*v, 9 = h - z*v. What is the remainder when h is divided by w?
0
Let s(a) = a**2 - 26*a - 20. Let o be s(26). Let x(r) = r**2 + 21*r + 26. Suppose 76 = 7*t - 3*t. Calculate the remainder when t is divided by x(o).
1
Suppose -m + 4 = -0. Let f(g) = -9*g + 39. Calculate the remainder when 6 is divided by f(m).
0
Suppose -4*s - 24 + 2 = -2*y, 0 = -2*y + s + 34. Let k be (-432)/(-1) + 28 + -28. Let i = k - 430. Calculate the remainder when y is divided by i.
1
Suppose 5*x + 3*n - 1327 - 268 = 0, 2*x + n = 639. What is the remainder when x is divided by 302?
20
Let w(o) = -44*o - 5. Let a be 4/20*5 + 4. Suppose -a*p + 14 = -4*p. Calculate the remainder when w(-2) is divided by p.
13
Let f = -25238 - -25244. Calculate the remainder when 927 is divided by f.
3
Let v(d) = -d**3 - 13*d**2 + 4*d - 113. Calculate the remainder when 188 is divided by v(-14).
26
What is the remainder when (0 + 374 + 6)/2 is divided by 16?
14
Let w = -21 - -1. Let p = w - -39. Let g = p + -6. Calculate the remainder when 25 is divided by g.
12
Let j = 8 - 6. Suppose 5*y - 62 = x - 258, 116 = -3*y - x. Let r(s) = -8*s - 293. What is the remainder when r(y) is divided by j?
1
Suppose -126*q = 13*q - 19664 - 17171. What is the remainder when q is divided by 78?
31
Let o be 2 + ((-92)/6)/((-2)/(-3)). Let h be 42/(-4)*14/o. Suppose -10*m + 267 = -h*m. Calculate the remainder when m is divided by 23.
20
Let r(s) = 430*s - 3334. Calculate the remainder when r(9) is divided by 38.
4
What is the remainder when 1040 is divided by (-23)/(805/(-588))*(28 - 8)?
32
Suppose h = 3*a - 926, 5*a - 1368 = -h + 178. Calculate the remainder when a is divided by (234/8)/(483/1288).
75
Let v = -5544 - -7845. Calculate the remainder when v is divided by 2.
1
Suppose 2*z = -13*r + 8*r + 4, z - 11 = 2*r. What is the remainder when 23 + z/7 - -2 is divided by 5?
1
Let f = -175 + 377. Calculate the remainder when 584 is divided by f.
180
Let u(o) = 7*o**2 + 415*o - 291. What is the remainder when 3334 is divided by u(-60)?
4
Let j = -27 - -459. Suppose 30*s + 24*s = j. Calculate the remainder when 105 is divided by s.
1
Suppose -3*f + 1471 = y, f - 1579 + 1102 = 3*y. Calculate the remainder when f is divided by 140.
69
Let x(j) = -22*j + 37. Let z be x(-14). Suppose -350*u + 135 = -z*u. Calculate the remainder when 52 is divided by u.
25
Suppose 269*d + 58*d = 35970. Suppose -3*g = -q - 64, -3*g = -4*g - 2*q + 33. What is the remainder when d is divided by g?
18
Suppose 12987 = -223*r + 340*r. What is the remainder when 403 is divided by r?
70
Let j(c) be the second derivative of 3*c**3/2 + 11*c**2 + 7*c - 4. Calculate the remainder when 144 is divided by j(3).
46
Suppose -13*t + 988 = 4*l - 15*t, -2*l + 488 = -4*t. Calculate the remainder when l is divided by -3 + 5 + 2 + 3.
3
Let f(s) = s**3 + 9*s**2 + 14*s + 5. Let p = 47 - 36. Calculate the remainder when p is divided by f(-7).
1
Suppose 0 = -4*x + 9 + 99. Let z = 54 - x. Suppose i + 5*h + 14 = 3*i, -3*h + 14 = 2*i. What is the remainder when z is divided by i?
6
Let n(d) = d**2 - d. Let c(k) = -6*k**2 + 14*k + 3. Let u(t) = -c(t) - 5*n(t). What is the remainder when 18 is divided by u(10)?
4
Suppose -3*h - 2*h - a = -13, -a = 4*h - 10. Suppose 2*x + 98 = 3*b - 477, -h*x = 12. What is the remainder when b is divided by 16?
13
Let u be (-1 - (-3 + -33)) + -4. Suppose 32*w - u*w - 160 = 0. Suppose 27*k - w = 22*k. What is the remainder when 62 is divided by k?
30
Let k(p) be the second derivative of -p**4/12 - 8*p**3/3 + 9*p**2/2 - 74*p. What is the remainder when 412 is divided by k(-6)?
67
Let d(g) = 4*g**3 + 3*g**2 + 118*g - 365. What is the remainder when 372 is divided by d(3)?
0
Let r(n) = -40*n**3 + 2*n**2 - n - 2. Let f be r(-1). Let w(v) = -2*v - v**2 + f + 25*v - 36. What is the remainder when w(4) is divided by 21?
18
Let r = 507 - 288. Suppose -d + 117 = 2*u, -45*d = 4*u - 40*d - r. What is the remainder when 166 is divided by u?
44
Suppose 4*r + 10*z - 15*z = 961, 0 = 5*z - 15. Let v = 5 - 3. What is the remainder when r is divided by (-1119)/(-18) - (v + 1)/18?
58
Let y(b) = 2*b**3 + 16*b**2 - b + 86. Calculate the remainder when y(-8) is divided by 16.
14
What is the remainder when 2514 is divided by (-421 - -391)/(-2*1/1)?
9
Let i = 1161 - 993. What is the remainder when i is divided by 57?
54
Let f = 3057 - 3019. What is the remainder when 1236 is divided by f?
20
Suppose 0*z + 2*y = 4*z + 18, 0 = 2*z + y + 15. Suppose 2*b + 3*d - 5 = 0, 12*b = 8*b - 5*d + 9. Calculate the remainder when 6/((z/4)/(-1)) is divided by b.
0
Let y = 2402 + -1709. Let u = y - 277. What is the remainder when u is divided by 20?
16
Suppose -5*i = -5*g + 195, 4*g - 493 + 316 = i. Let a(m) = 28*m**3 + 2*m**2 - m - 2. What is the remainder when a(2) is divided by g?
44
Let r = 64 + 13. Suppose 0 = -s - 3*z + 12, -2 = z - 5. What is the remainder when r is divided by s?
2
Suppose -36586 = -5*u + 20*t - 14*t, 4*u = 5*t + 29268. Calculate the remainder when u is divided by 74.
70
Suppose -2*b = -11 - 111. What is the remainder when (b/4)/(42/168) is divided by 21?
19
Let w(x) = x**3 + 5*x**2 - 20*x - 49. Calculate the remainder when 317 is divided by w(-4).
35
Let d be 6/((-3)/(-24)*3). Suppose d*q - 744 = 4*q. Calculate the remainder when q is divided by 55.
7
Let j(i) = -i**2 - 8*i - 1. Let w = -750 + 750. Suppose -4*n - r - 108 + 311 = w, 4*n + 4*r - 188 = 0. Calculate the remainder when n is divided by j(-5).
10
Suppose 1616 = -24*z + 2048. What is the remainder when 203 is divided by z?
5
Suppose -812 = -14*p + 7*p. Suppose 2*k - 4*r = p, -2*k + 153 = k + r. What is the remainder when k is divided by 19 - ((-6)/2 + 4)?
16
Let v(l) = -l**2 + 29*l + 23. What is the remainder when v(25) is divided by 107?
16
Suppose -8333 = 45*t - 46538. Let c = 867 - t. Calculate the remainder when 122 is divided by c.
14
Let k(y) = y**2 + y - 27. Let s be k(6). Suppose -a + s + 22 = 0. What is the remainder when ((-18459)/(-14))/9 - (-1)/2 is divided by a?
36
Calculate the remainder when (-4)/14*5523665/(-970) is divided by 323.
12
Calculate the remainder when ((-9)/2)/((14 + -13)*3/(-2718)) is divided by 102.
99
Suppose -5*x = 3*c - 134, x - 4*c - 1 = 12. Let y(k) = 6*k**2 - 31*k + 3. Let l be y(8). Let z = l - 65. Calculate the remainder when z is divided by x.
24
Let u be ((-6)/15)/(9/90). Calculate the remainder when 238 is divided by (u + 9)*(4 + 0/1).
18
Let g = 36 - 31. Suppose -79 - 10 = -g*d - 2*t, -5*d - t + 92 = 0. Suppose d + 3 = v. What is the remainder when v is divided by 12?
10
Suppose 31*g - 33*g + 10 = 0. Suppose -3 + 1 = -t, -g*t + 28 = n. Calculate the remainder when (-45)/(-75)*235*1 is divided by n.
15
Let q = -9383 + 10208. Calculate the remainder when q is divided by 103.
1
Let r = -661 + 444. Let t = -196 - r. What is the remainder when 59 is divided by t?
17
Let b(j) = j**2 + 3*j - 4. Let c(f) = -f - 19. Let q be c(-17). Calculate the remainder when 4/(-52)*q - (-5058)/78 is divided by b(-6).
9
Suppose 1134 = -8*u - 466. Let y = u + 216. Suppose -2*c = 5*h - 6*h + 5, -c = -4*h + 34. What is the remainder when y is divided by h?
7
Suppose -215 = 8*k - 1903. Let v = k + -154. What is the remainder when v is divided by 33?
24
Let w = -41 + 79. Let i = 287 - 268. Calculate the remainder when (13*2)/(w/133) is divided by i.
15
Suppose 11 + 154 = 11*v. Suppose -4*n - n + v = 0, n - 143 = -4*w. Suppose 2*d - w = -3*d. What is the remainder when 45 is divided by d?
3
Suppose -4*n + 352 - 144 = 0. Let j = -179008 + 179014. What is the remainder when n is divided by j?
4
Suppose -8*v + 7*v - 798 = -20*v. Calculate the remainder when v is divided by 37.
5
Suppose 10*v = 121*v - 5217. Calculate the remainder when 281 is divided by v.
46
Let v(j) = j**3 - 9*j**2 + j + 7. Suppose 0 = 3*q + 